 by 130?
124
What is the remainder when 15430 is divided by 4583?
1681
What is the remainder when 350529 is divided by 116843?
0
Calculate the remainder when 62189 is divided by 90.
89
What is the remainder when 81983 is divided by 74?
65
What is the remainder when 215751 is divided by 724?
723
Calculate the remainder when 112646 is divided by 49.
44
What is the remainder when 84443 is divided by 14067?
41
Calculate the remainder when 1447 is divided by 441.
124
Calculate the remainder when 3261 is divided by 1610.
41
What is the remainder when 9941 is divided by 142?
1
What is the remainder when 21098 is divided by 50?
48
What is the remainder when 12136 is divided by 24?
16
What is the remainder when 21360 is divided by 64?
48
What is the remainder when 3061 is divided by 349?
269
What is the remainder when 101329 is divided by 77?
74
Calculate the remainder when 1388967 is divided by 99.
96
What is the remainder when 6748 is divided by 107?
7
Calculate the remainder when 1400 is divided by 567.
266
What is the remainder when 3801 is divided by 172?
17
Calculate the remainder when 277829 is divided by 23.
12
What is the remainder when 9579 is divided by 3159?
102
Calculate the remainder when 35671 is divided by 7099.
176
What is the remainder when 3993 is divided by 805?
773
Calculate the remainder when 14206 is divided by 384.
382
What is the remainder when 323581 is divided by 29?
28
What is the remainder when 6483 is divided by 138?
135
Calculate the remainder when 85056 is divided by 159.
150
What is the remainder when 5429 is divided by 25?
4
What is the remainder when 21732 is divided by 47?
18
What is the remainder when 1024 is divided by 218?
152
What is the remainder when 4789 is divided by 1236?
1081
What is the remainder when 9097 is divided by 139?
62
What is the remainder when 24875 is divided by 236?
95
What is the remainder when 16536 is divided by 57?
6
What is the remainder when 24349 is divided by 297?
292
What is the remainder when 2354 is divided by 6?
2
Calculate the remainder when 87073 is divided by 35.
28
Calculate the remainder when 34127 is divided by 2624.
15
Calculate the remainder when 15419 is divided by 935.
459
Calculate the remainder when 15931 is divided by 3185.
6
Calculate the remainder when 39221 is divided by 18.
17
Calculate the remainder when 51158 is divided by 208.
198
What is the remainder when 1008354 is divided by 252087?
6
Calculate the remainder when 964 is divided by 312.
28
Calculate the remainder when 22728 is divided by 22495.
233
Calculate the remainder when 33166 is divided by 4655.
581
What is the remainder when 5651 is divided by 61?
39
Calculate the remainder when 67960 is divided by 747.
730
Calculate the remainder when 668841 is divided by 54.
51
What is the remainder when 951 is divided by 227?
43
What is the remainder when 5693 is divided by 119?
100
What is the remainder when 3570577 is divided by 643?
641
Calculate the remainder when 11190233 is divided by 92.
89
Calculate the remainder when 575869 is divided by 191951.
16
Calculate the remainder when 711 is divided by 339.
33
What is the remainder when 721610 is divided by 333?
332
What is the remainder when 4860 is divided by 442?
440
Calculate the remainder when 16198 is divided by 60.
58
Calculate the remainder when 23634 is divided by 1477.
2
What is the remainder when 31880 is divided by 329?
296
What is the remainder when 69169 is divided by 9878?
23
Calculate the remainder when 1558 is divided by 98.
88
What is the remainder when 2157 is divided by 709?
30
What is the remainder when 395582 is divided by 16?
14
What is the remainder when 13636 is divided by 3400?
36
What is the remainder when 33683 is divided by 469?
384
What is the remainder when 48593 is divided by 97?
93
Calculate the remainder when 14211 is divided by 1296.
1251
Calculate the remainder when 16312 is divided by 30.
22
What is the remainder when 3366861 is divided by 12?
9
What is the remainder when 97329 is divided by 721?
715
Calculate the remainder when 1198075 is divided by 7.
4
What is the remainder when 26013 is divided by 503?
360
Calculate the remainder when 11933 is divided by 657.
107
What is the remainder when 134851 is divided by 134814?
37
What is the remainder when 10603 is divided by 5297?
9
Calculate the remainder when 3494 is divided by 498.
8
Calculate the remainder when 339119 is divided by 596.
591
Calculate the remainder when 18961 is divided by 3776.
81
Calculate the remainder when 12865 is divided by 28.
13
What is the remainder when 19659 is divided by 33?
24
Calculate the remainder when 6989 is divided by 184.
181
Calculate the remainder when 4643 is divided by 2302.
39
What is the remainder when 202983 is divided by 308?
11
Calculate the remainder when 35912 is divided by 2391.
47
Calculate the remainder when 8765 is divided by 1232.
141
What is the remainder when 1783199 is divided by 10?
9
What is the remainder when 273423 is divided by 45565?
33
Calculate the remainder when 3247 is divided by 117.
88
What is the remainder when 2379 is divided by 31?
23
What is the remainder when 1316 is divided by 755?
561
Calculate the remainder when 268099 is divided by 9.
7
Calculate the remainder when 26743 is divided by 4.
3
Calculate the remainder when 12014 is divided by 798.
44
Calculate the remainder when 101429 is divided by 646.
7
Calculate the remainder when 18376 is divided by 1427.
1252
Calculate the remainder when 2739 is divided by 2435.
304
Calculate the remainder when 20479519 is divided by 23.
20
What is the remainder when 7254 is divided by 2417?
3
Calculate the remainder when 43823 is divided by 505.
393
Calculate the remainder when 78748 is divided by 210.
208
Calculate the remainder when 1068 is divided by 158.
120
What is the remainder when 3492 is divided by 73?
61
Calculate the remainder when 1302 is divided by 606.
90
Calculate the remainder when 71458 is divided by 18.
16
Calculate the remainder when 163582 is divided by 288.
286
Calculate the remainder when 8754 is divided by 39.
18
What is the remainder when 1284 is divided by 486?
312
Calculate the remainder when 935997 is divided by 780.
777
Calculate the remainder when 2585 is divided by 2335.
250
What is the remainder when 22651 is divided by 7541?
28
Calculate the remainder when 65337 is divided by 605.
602
Calculate the remainder when 1181 is divided by 1157.
24
Calculate the remainder when 30669 is divided by 3339.
618
Calculate the remainder when 68228 is divided by 34106.
16
Calculate the remainder when 149870 is divided by 547.
539
Calculate the remainder when 20567 is divided by 5122.
79
Calculate the remainder when 270058 is divided by 214.
204
What is the remainder when 4940 is divided by 614?
28
What is the remainder when 3125 is divided by 19?
9
What is the remainder when 157249 is divided by 185?
184
Calculate the remainder when 48488 is divided by 6924.
20
Calculate the remainder when 9957 is divided by 528.
453
What is the remainder when 2957 is divided by 155?
12
Calculate the remainder when 14222 is divided by 191.
88
What is the remainder when 2133 is divided by 288?
117
Calculate the remainder when 25388 is divided by 157.
111
What is the remainder when 1685 is divided by 548?
41
What is the remainder when 31888 is divided by 143?
142
Calculate the remainder when 10600 is divided by 58.
44
What is the remainder when 8998 is divided by 2241?
34
What is the remainder when 12091 is divided by 220?
211
Calculate the remainder when 737 is divided by 272.
193
Calculate the remainder when 3790 is divided by 33.
28
What is the remainder when 38754 is divided by 1684?
22
Calculate the remainder when 19920 is divided by 3317.
18
Calculate the remainder when 6506 is divided by 6472.
34
Calculate the remainder when 71134 is divided by 624.
622
What is the remainder when 17548 is divided by 135?
133
What is the remainder when 1458 is divided by 61?
55
Calculate the remainder when 16365 is divided by 48.
45
Calculate the remainder when 52079 is divided by 501.
476
What is the remainder when 1092077 is divided by 26?
25
What is the remainder when 420323 is divided by 543?
41
What is the remainder when 30912 is divided by 352?
288
What is the remainder 